{"id":1398,"date":"2024-04-30T16:59:56","date_gmt":"2024-04-30T16:59:56","guid":{"rendered":"https:\/\/offenbar-offenbach.de\/?page_id=1398"},"modified":"2025-03-03T19:23:29","modified_gmt":"2025-03-03T19:23:29","slug":"alexandra-hoffmann","status":"publish","type":"page","link":"https:\/\/offenbar-offenbach.de\/?page_id=1398","title":{"rendered":"Alexandra Hoffmann"},"content":{"rendered":"\n<p>Ergotherapeutin, <strong>systemische Beraterin<\/strong>, Fachberatung unterst\u00fctzte Kommunikation <\/p>\n\n\n\n<!--more-->\n\n\n\n<div class=\"wp-block-columns is-layout-flex wp-container-core-columns-is-layout-9d6595d7 wp-block-columns-is-layout-flex\">\n<div class=\"wp-block-column is-layout-flow wp-block-column-is-layout-flow\" style=\"flex-basis:66.66%\">\n<ul class=\"wp-block-list\">\n<li>wurde 1976 in Potsdam\/Babelsberg geboren, sie ist verheiratet und hat 2 Kinder, lebt seit 2010 in Offenbach<\/li>\n\n\n\n<li><strong>Examinierte Gesundheits- und Krankenpflegerin<\/strong> (1995)              arbeitete auf Intensivstationen u. pers\u00f6nlicher Assistenz <\/li>\n\n\n\n<li><strong>Staatlich Anerkannte Ergotherapeutin <\/strong>(2003) an der <strong>fokus<\/strong>    Schule f\u00fcr Pers\u00f6nlichkeitsentwicklung und ganzheitliche Handlungskompetenz, in Marburg<\/li>\n\n\n\n<li><strong>Weiterbildung zur Fachberaterin f\u00fcr Unterst\u00fctzte Kommunikation<\/strong> 2006<\/li>\n\n\n\n<li>seit 2006 arbeitet sie in Teilzeit in der<strong> Beratungsstelle          \u201eandere Worte\u201c in Frankfurt<\/strong>, einer Beratungsstelle f\u00fcr Unterst\u00fctzte Kommunikation, mit dem Ziel, Kindern oder Erwachsenen, die nicht oder kaum sprechen k\u00f6nnen, eine Alternative aufzuzeigen, damit diese am Alltag kommunikativ teilhaben k\u00f6nnen.<\/li>\n\n\n\n<li><strong>Weiterbildungen<\/strong> u.a. in Herausforderndem Verhalten, MI-Motivational Interviewing (GK Quest Akademie), Kindern behutsam den Tod erkl\u00e4ren<\/li>\n\n\n\n<li><strong>seit 2012<\/strong> gibt sie in Kindertagesst\u00e4tten, inklusiven Schulen, sowie in Einrichtungen der Lebenshilfe <strong>Inhouse-Fortbildungen<\/strong> zu Themen: Umgang mit herausforderndem Verhalten, IPad als Kommunikationshilfe<\/li>\n\n\n\n<li><strong>2024<\/strong> <strong>Systemischen Beraterin<\/strong> \u201eSystemisches Arbeiten in Sozialarbeit, P\u00e4dagogik, Beratung und Therapie&#8220; beim Praxis- Institut S\u00fcd<\/li>\n<\/ul>\n<\/div>\n\n\n\n<div class=\"wp-block-column is-layout-flow wp-block-column-is-layout-flow\" style=\"flex-basis:33.33%\">\n<figure class=\"wp-block-image size-large\"><img loading=\"lazy\" decoding=\"async\" width=\"1024\" height=\"1024\" src=\"https:\/\/offenbar-offenbach.de\/wp-content\/uploads\/2024\/04\/Alex_Homepage_abc-1-1024x1024.jpg\" alt=\"\" class=\"wp-image-1408\" srcset=\"https:\/\/offenbar-offenbach.de\/wp-content\/uploads\/2024\/04\/Alex_Homepage_abc-1-1024x1024.jpg 1024w, https:\/\/offenbar-offenbach.de\/wp-content\/uploads\/2024\/04\/Alex_Homepage_abc-1-300x300.jpg 300w, https:\/\/offenbar-offenbach.de\/wp-content\/uploads\/2024\/04\/Alex_Homepage_abc-1-150x150.jpg 150w, https:\/\/offenbar-offenbach.de\/wp-content\/uploads\/2024\/04\/Alex_Homepage_abc-1-768x768.jpg 768w, https:\/\/offenbar-offenbach.de\/wp-content\/uploads\/2024\/04\/Alex_Homepage_abc-1-1536x1536.jpg 1536w, https:\/\/offenbar-offenbach.de\/wp-content\/uploads\/2024\/04\/Alex_Homepage_abc-1-2048x2048.jpg 2048w, https:\/\/offenbar-offenbach.de\/wp-content\/uploads\/2024\/04\/Alex_Homepage_abc-1-90x90.jpg 90w, https:\/\/offenbar-offenbach.de\/wp-content\/uploads\/2024\/04\/Alex_Homepage_abc-1-380x380.jpg 380w\" sizes=\"auto, (max-width: 1024px) 100vw, 1024px\" \/><\/figure>\n\n\n\n<p><\/p>\n\n\n\n<p><strong>Meine Schwerpunkte<\/strong>:<\/p>\n\n\n\n<ul class=\"wp-block-list\">\n<li>Unterst\u00fctzung in Krisen und Belastungssitutationen (Verlust, Trauer, Konflikte mit der Herkunfsfamilie)<\/li>\n\n\n\n<li>Beratung f\u00fcr Menschen und deren Angeh\u00f6rige (mit k\u00f6rperlicher, geistiger u.o. sprachlicher Beeintr\u00e4chtigung sowie schwierigem Verhalten (Elterliche Pr\u00e4senz, Grenzen und Regeln aufzeigen, Selbstregulation f\u00f6rdern, gelingende Kommunikation) <\/li>\n<\/ul>\n<\/div>\n<\/div>\n\n\n\n<p><\/p>\n\n\n\n<hr class=\"wp-block-separator has-alpha-channel-opacity\"\/>\n\n\n\n<p>Manchmal entspricht das Leben nicht unseren W\u00fcnschen und Erwartungen, sondern verl\u00e4uft ins Gegenteil. Dies sollte nicht dazu f\u00fchren, dass wir unsere Ideen aufgeben. Wir k\u00f6nnen nicht alles \u00e4ndern, was geschieht oder geschehen wird, aber wir k\u00f6nnen die Sicht darauf ver\u00e4ndern und eine Haltung dazu einnehmen, die hilft sich dem Leben zu stellen.<\/p>\n\n\n\n<p>Die eigenen Grenzen wahrnehmen und wahren zu k\u00f6nnen ist keine Selbstverst\u00e4ndigkeit. &nbsp;&nbsp;&nbsp;&nbsp;&nbsp;&nbsp;&nbsp;&nbsp;&nbsp;  Manchmal kann Beratung auch bedeuten, sich mit den Grenzen der eigenen M\u00f6glichkeiten zu befassen und dabei Trost zu erfahren.<\/p>\n\n\n\n<p>Ob im Beratungsraum, beim Gehen oder an der Werkbank, jeder kann sich seinen eigenen Platz f\u00fcr seine Anliegen w\u00e4hlen. Nicht jeder mag die Ruhe und den Blickkontakt. Manchmal kommt man auch erst ins Reden und Denken, wenn man gemeinsam ein paar Schritte geht.                                                     Manche Handlungsoptionen er\u00f6ffnen sich erst beim kreativen tun.<\/p>\n\n\n\n<p>Ich w\u00fcrde mich freuen, wenn Sie sich selbst und andere besser annehmen k\u00f6nnen, Grenzen akzeptieren und die aktuellen M\u00f6glichkeitsr\u00e4ume wieder sehen und selbstbestimmt gestalten. Ich freue mich auf das gemeinsame Abenteuer der L\u00f6sungsversuche.<\/p>\n\n\n\n<blockquote class=\"wp-block-quote is-layout-flow wp-block-quote-is-layout-flow\">\n<p>\u201eBetrachte alle Schwierigkeiten als M\u00f6glichkeit, etwas Neues zu schaffen, zu lernen und aus der kreativen Art und Weise, wie du reagierst, zu wachsen.\u201c<\/p>\n<cite>Virgina Satir<\/cite><\/blockquote>\n","protected":false},"excerpt":{"rendered":"<p>Ergotherapeutin, systemische Beraterin, Fachberatung unterst\u00fctzte Kommunikation<\/p>\n","protected":false},"author":5,"featured_media":1382,"parent":1359,"menu_order":3,"comment_status":"closed","ping_status":"closed","template":"","meta":{"footnotes":""},"class_list":["post-1398","page","type-page","status-publish","has-post-thumbnail","hentry","with-featured-image"],"jetpack_sharing_enabled":true,"_links":{"self":[{"href":"https:\/\/offenbar-offenbach.de\/index.php?rest_route=\/wp\/v2\/pages\/1398","targetHints":{"allow":["GET"]}}],"collection":[{"href":"https:\/\/offenbar-offenbach.de\/index.php?rest_route=\/wp\/v2\/pages"}],"about":[{"href":"https:\/\/offenbar-offenbach.de\/index.php?rest_route=\/wp\/v2\/types\/page"}],"author":[{"embeddable":true,"href":"https:\/\/offenbar-offenbach.de\/index.php?rest_route=\/wp\/v2\/users\/5"}],"replies":[{"embeddable":true,"href":"https:\/\/offenbar-offenbach.de\/index.php?rest_route=%2Fwp%2Fv2%2Fcomments&post=1398"}],"version-history":[{"count":27,"href":"https:\/\/offenbar-offenbach.de\/index.php?rest_route=\/wp\/v2\/pages\/1398\/revisions"}],"predecessor-version":[{"id":1849,"href":"https:\/\/offenbar-offenbach.de\/index.php?rest_route=\/wp\/v2\/pages\/1398\/revisions\/1849"}],"up":[{"embeddable":true,"href":"https:\/\/offenbar-offenbach.de\/index.php?rest_route=\/wp\/v2\/pages\/1359"}],"wp:featuredmedia":[{"embeddable":true,"href":"https:\/\/offenbar-offenbach.de\/index.php?rest_route=\/wp\/v2\/media\/1382"}],"wp:attachment":[{"href":"https:\/\/offenbar-offenbach.de\/index.php?rest_route=%2Fwp%2Fv2%2Fmedia&parent=1398"}],"curies":[{"name":"wp","href":"https:\/\/api.w.org\/{rel}","templated":true}]}}

<p>Ergotherapeutin, <strong>systemische Beraterin</strong>, Fachberatung unterstützte Kommunikation </p>



<!--more-->



<div class="wp-block-columns is-layout-flex wp-container-core-columns-is-layout-9d6595d7 wp-block-columns-is-layout-flex">
<div class="wp-block-column is-layout-flow wp-block-column-is-layout-flow" style="flex-basis:66.66%">
<ul class="wp-block-list">
<li>wurde 1976 in Potsdam/Babelsberg geboren, sie ist verheiratet und hat 2 Kinder, lebt seit 2010 in Offenbach</li>



<li><strong>Examinierte Gesundheits- und Krankenpflegerin</strong> (1995)              arbeitete auf Intensivstationen u. persönlicher Assistenz </li>



<li><strong>Staatlich Anerkannte Ergotherapeutin </strong>(2003) an der <strong>fokus</strong>    Schule für Persönlichkeitsentwicklung und ganzheitliche Handlungskompetenz, in Marburg</li>



<li><strong>Weiterbildung zur Fachberaterin für Unterstützte Kommunikation</strong> 2006</li>



<li>seit 2006 arbeitet sie in Teilzeit in der<strong> Beratungsstelle          „andere Worte“ in Frankfurt</strong>, einer Beratungsstelle für Unterstützte Kommunikation, mit dem Ziel, Kindern oder Erwachsenen, die nicht oder kaum sprechen können, eine Alternative aufzuzeigen, damit diese am Alltag kommunikativ teilhaben können.</li>



<li><strong>Weiterbildungen</strong> u.a. in Herausforderndem Verhalten, MI-Motivational Interviewing (GK Quest Akademie), Kindern behutsam den Tod erklären</li>



<li><strong>seit 2012</strong> gibt sie in Kindertagesstätten, inklusiven Schulen, sowie in Einrichtungen der Lebenshilfe <strong>Inhouse-Fortbildungen</strong> zu Themen: Umgang mit herausforderndem Verhalten, IPad als Kommunikationshilfe</li>



<li><strong>2024</strong> <strong>Systemischen Beraterin</strong> „Systemisches Arbeiten in Sozialarbeit, Pädagogik, Beratung und Therapie&#8220; beim Praxis- Institut Süd</li>
</ul>
</div>



<div class="wp-block-column is-layout-flow wp-block-column-is-layout-flow" style="flex-basis:33.33%">
<figure class="wp-block-image size-large"><img loading="lazy" decoding="async" width="1024" height="1024" src="https://offenbar-offenbach.de/wp-content/uploads/2024/04/Alex_Homepage_abc-1-1024x1024.jpg" alt="" class="wp-image-1408" srcset="https://offenbar-offenbach.de/wp-content/uploads/2024/04/Alex_Homepage_abc-1-1024x1024.jpg 1024w, https://offenbar-offenbach.de/wp-content/uploads/2024/04/Alex_Homepage_abc-1-300x300.jpg 300w, https://offenbar-offenbach.de/wp-content/uploads/2024/04/Alex_Homepage_abc-1-150x150.jpg 150w, https://offenbar-offenbach.de/wp-content/uploads/2024/04/Alex_Homepage_abc-1-768x768.jpg 768w, https://offenbar-offenbach.de/wp-content/uploads/2024/04/Alex_Homepage_abc-1-1536x1536.jpg 1536w, https://offenbar-offenbach.de/wp-content/uploads/2024/04/Alex_Homepage_abc-1-2048x2048.jpg 2048w, https://offenbar-offenbach.de/wp-content/uploads/2024/04/Alex_Homepage_abc-1-90x90.jpg 90w, https://offenbar-offenbach.de/wp-content/uploads/2024/04/Alex_Homepage_abc-1-380x380.jpg 380w" sizes="auto, (max-width: 1024px) 100vw, 1024px" /></figure>



<p></p>



<p><strong>Meine Schwerpunkte</strong>:</p>



<ul class="wp-block-list">
<li>Unterstützung in Krisen und Belastungssitutationen (Verlust, Trauer, Konflikte mit der Herkunfsfamilie)</li>



<li>Beratung für Menschen und deren Angehörige (mit körperlicher, geistiger u.o. sprachlicher Beeinträchtigung sowie schwierigem Verhalten (Elterliche Präsenz, Grenzen und Regeln aufzeigen, Selbstregulation fördern, gelingende Kommunikation) </li>
</ul>
</div>
</div>



<p></p>



<hr class="wp-block-separator has-alpha-channel-opacity"/>



<p>Manchmal entspricht das Leben nicht unseren Wünschen und Erwartungen, sondern verläuft ins Gegenteil. Dies sollte nicht dazu führen, dass wir unsere Ideen aufgeben. Wir können nicht alles ändern, was geschieht oder geschehen wird, aber wir können die Sicht darauf verändern und eine Haltung dazu einnehmen, die hilft sich dem Leben zu stellen.</p>



<p>Die eigenen Grenzen wahrnehmen und wahren zu können ist keine Selbstverständigkeit. &nbsp;&nbsp;&nbsp;&nbsp;&nbsp;&nbsp;&nbsp;&nbsp;&nbsp;  Manchmal kann Beratung auch bedeuten, sich mit den Grenzen der eigenen Möglichkeiten zu befassen und dabei Trost zu erfahren.</p>



<p>Ob im Beratungsraum, beim Gehen oder an der Werkbank, jeder kann sich seinen eigenen Platz für seine Anliegen wählen. Nicht jeder mag die Ruhe und den Blickkontakt. Manchmal kommt man auch erst ins Reden und Denken, wenn man gemeinsam ein paar Schritte geht.                                                     Manche Handlungsoptionen eröffnen sich erst beim kreativen tun.</p>



<p>Ich würde mich freuen, wenn Sie sich selbst und andere besser annehmen können, Grenzen akzeptieren und die aktuellen Möglichkeitsräume wieder sehen und selbstbestimmt gestalten. Ich freue mich auf das gemeinsame Abenteuer der Lösungsversuche.</p>



<blockquote class="wp-block-quote is-layout-flow wp-block-quote-is-layout-flow">
<p>„Betrachte alle Schwierigkeiten als Möglichkeit, etwas Neues zu schaffen, zu lernen und aus der kreativen Art und Weise, wie du reagierst, zu wachsen.“</p>
<cite>Virgina Satir</cite></blockquote>

<p>Ergotherapeutin, systemische Beraterin, Fachberatung unterstützte Kommunikation</p>
