{"id":1417,"date":"2024-04-30T18:33:56","date_gmt":"2024-04-30T18:33:56","guid":{"rendered":"https:\/\/offenbar-offenbach.de\/?page_id=1417"},"modified":"2025-09-02T08:00:32","modified_gmt":"2025-09-02T08:00:32","slug":"katja-visciani","status":"publish","type":"page","link":"https:\/\/offenbar-offenbach.de\/?page_id=1417","title":{"rendered":"Katja Visciani"},"content":{"rendered":"\n<p>Diplom Sozialp\u00e4dagogin, <strong>Systemische Beraterin<\/strong> in Ausbildung<\/p>\n\n\n\n<!--more-->\n\n\n\n<div class=\"wp-block-columns is-layout-flex wp-container-core-columns-is-layout-9d6595d7 wp-block-columns-is-layout-flex\">\n<div class=\"wp-block-column is-layout-flow wp-block-column-is-layout-flow\" style=\"flex-basis:66.66%\">\n<ul class=\"wp-block-list\">\n<li>wurde 1983 in Offenbach geboren und ist Mutter von      einem Sohn, Enno 8 Jahre alt<\/li>\n\n\n\n<li><strong>Examinierte Gesundheits- und Krankenpflegerin<\/strong>,       Ketteler- Krankenhaus Offenbach (2004)<\/li>\n\n\n\n<li><strong>Diplom Sozialp\u00e4dagogin<\/strong>, Frankfurt University of Applied Sciences (2010), Beziehungsarbeit und Pers\u00f6nlichkeitsentwicklung<\/li>\n\n\n\n<li><strong>seit 2011 arbeitet sie in der Beratung und Betreuung<\/strong> in verschiedenen Arbeitsfeldern                                                  Die meiste Zeit hat sie mit<strong> Frauen* in sozialen Notlagen<\/strong> gearbeitet. Darunter beriet und begleitete sie Frauen* die illegale Drogen konsumierten, Sexarbeiterinnen, Frauen* mit psychischen Erkrankungen und gefl\u00fcchtete Frauen und ihre Kinder.<\/li>\n\n\n\n<li>Aktuell arbeitet sie mit Frauen* und Kindern, die von Gewalt bedroht oder betroffen sind. <strong>Das Ziel ihrer Arbeit ist es<\/strong>, die Familien zu stabilisieren und Perspektiven zu erarbeiten, die ein unabh\u00e4ngiges und sicheres Leben erm\u00f6glichen.<\/li>\n\n\n\n<li>Au\u00dferdem begleitet sie Menschen mit <strong>seelischen Behinderungen<\/strong>, im Rahmen der Eingliederungshilfe<\/li>\n\n\n\n<li><strong>Weiterbildungen<\/strong> u.a. in MI-Motivational Interviewing (GK Quest Akademie), Krisenintervention, Kinderschutzfachkraft (ISEF)<\/li>\n\n\n\n<li><strong>seit 2023<\/strong> befindet sie sich in der 2 j\u00e4hrigen Weiterbildung zur <strong>Systemischen Beraterin<\/strong> \u201eSystemisches Arbeiten in Beratung und Therapie&#8220; beim Praxis-Institut S\u00fcd<\/li>\n\n\n\n<li>Auch wenn sich ihre hauptberuflichen T\u00e4tigkeitsfelder inhaltlich an Frauen und Kinder richten, freut sie sich sehr, dass sie im Rahmen des Offenbar ihr Angebot an alle Geschlechter richten kann.<\/li>\n<\/ul>\n<\/div>\n\n\n\n<div class=\"wp-block-column is-layout-flow wp-block-column-is-layout-flow\" style=\"flex-basis:33.33%\">\n<figure class=\"wp-block-image size-large\"><img loading=\"lazy\" decoding=\"async\" width=\"1024\" height=\"1024\" src=\"https:\/\/offenbar-offenbach.de\/wp-content\/uploads\/2024\/05\/Katja_Homepage_c-1024x1024.jpg\" alt=\"\" class=\"wp-image-1574\" srcset=\"https:\/\/offenbar-offenbach.de\/wp-content\/uploads\/2024\/05\/Katja_Homepage_c-1024x1024.jpg 1024w, https:\/\/offenbar-offenbach.de\/wp-content\/uploads\/2024\/05\/Katja_Homepage_c-300x300.jpg 300w, https:\/\/offenbar-offenbach.de\/wp-content\/uploads\/2024\/05\/Katja_Homepage_c-150x150.jpg 150w, https:\/\/offenbar-offenbach.de\/wp-content\/uploads\/2024\/05\/Katja_Homepage_c-768x768.jpg 768w, https:\/\/offenbar-offenbach.de\/wp-content\/uploads\/2024\/05\/Katja_Homepage_c-1536x1536.jpg 1536w, https:\/\/offenbar-offenbach.de\/wp-content\/uploads\/2024\/05\/Katja_Homepage_c-90x90.jpg 90w, https:\/\/offenbar-offenbach.de\/wp-content\/uploads\/2024\/05\/Katja_Homepage_c-380x380.jpg 380w, https:\/\/offenbar-offenbach.de\/wp-content\/uploads\/2024\/05\/Katja_Homepage_c.jpg 1953w\" sizes=\"auto, (max-width: 1024px) 100vw, 1024px\" \/><\/figure>\n\n\n\n<p><\/p>\n\n\n\n<p>katja.visciani@beratung-systemisch-offenbach.de<\/p>\n\n\n\n<p><a href=\"https:\/\/beratung-systemisch-offenbach.de\/\">https:\/\/beratung-systemisch-offenbach.de\/<\/a><\/p>\n\n\n\n<p><strong>Meine Schwerpunkte:<\/strong><\/p>\n\n\n\n<ul class=\"wp-block-list\">\n<li>Entscheidungsprozesse begleiten, Beratung zu Trennungsideen<\/li>\n\n\n\n<li>Alltagsgestaltung nach der Paartrennung<\/li>\n\n\n\n<li>Elternkompetenzen st\u00e4rken <\/li>\n\n\n\n<li>Pers\u00f6nlichkeitsentwicklung <\/li>\n\n\n\n<li>Konfliktkl\u00e4rung mit der Herkunftsfamilie<\/li>\n\n\n\n<li>Fragen zu beruflichen Entscheidungen<\/li>\n<\/ul>\n<\/div>\n<\/div>\n\n\n\n<hr class=\"wp-block-separator has-alpha-channel-opacity\"\/>\n\n\n\n<p>Die Dinge neu denken!<\/p>\n\n\n\n<p>Das Leben ist bunt und alles eine Frage der Perspektive! Einige Phasen unseres Lebens machen es uns schwer einen k\u00fchlen Kopf zu bewahren. Die Gedanken verheddern sich, mit M\u00fche zieht man eine schwere Karre mit Lebenskram hinter sich her oder ein Kessel voller Gef\u00fchle brodelt auf offenem Feuer. Unsere Lebensthemen sind dabei so vielf\u00e4ltig, wie das Leben selbst, mal sehr laut und mal sehr leise zu h\u00f6ren.<\/p>\n\n\n\n<p>Ich freue mich darauf mit Ihnen gemeinsam Ihre Dinge zu sortieren, zu ordnen und neu zu denken. Unsere gemeinsame Zeit widmen wir Ihren pers\u00f6nlichen Anliegen. Das Ziel ist es innere Suchprozesse in Gang zu bringen und diese gemeinsam zu reflektieren. Ich biete Ihnen an, dass wir uns Ihren Fragen auf ganz unterschiedliche Weise n\u00e4hern. M\u00f6glich sind Spazierg\u00e4nge, das Aufstellen ihrer Situation mit Figuren, das Begehen des Themas im Raum, das Visualisieren am Whiteboard und anderes mehr. Hierbei sch\u00e4tze ich Zuversicht, Anerkennung und Humor als meine wesentlichen pers\u00f6nlichen Begleiterinnen.<\/p>\n\n\n\n<p>Wer geh\u00f6rt zu Ihrem aktuellen Thema, wer spielt eine Rolle?                                                                    Was w\u00fcrde passieren wenn Sie den Fokus verschieben und wof\u00fcr k\u00f6nnte es n\u00fctzlich sein, an ihrem Thema noch etwas festzuhalten?<\/p>\n\n\n\n<p>Imagination:                                                                                                                                          Morgen fr\u00fch um 6 Uhr klingelt Ihr Wecker. M\u00fcde reiben Sie sich die Augen und setzen sich an die Bettkante. Sie bemerken eine gewisse Leichtigkeit. In der Nacht haben Problemdiebe ihr Problem gestohlen, einfach mitgenommen und an einen schweren Stein gebunden im Meer versenkt. Woran w\u00fcrden Sie als Erstes merken, dass ihr Problem nicht mehr da ist? Was w\u00fcrden Sie als Erstes tun?<\/p>\n\n\n\n<p>Ich freue mich auf Sie!<\/p>\n","protected":false},"excerpt":{"rendered":"<p>Diplom Sozialp\u00e4dagogin, Systemische Beraterin in Ausbildung<\/p>\n","protected":false},"author":3,"featured_media":1418,"parent":1359,"menu_order":2,"comment_status":"closed","ping_status":"closed","template":"","meta":{"footnotes":""},"class_list":["post-1417","page","type-page","status-publish","has-post-thumbnail","hentry","with-featured-image"],"jetpack_sharing_enabled":true,"_links":{"self":[{"href":"https:\/\/offenbar-offenbach.de\/index.php?rest_route=\/wp\/v2\/pages\/1417","targetHints":{"allow":["GET"]}}],"collection":[{"href":"https:\/\/offenbar-offenbach.de\/index.php?rest_route=\/wp\/v2\/pages"}],"about":[{"href":"https:\/\/offenbar-offenbach.de\/index.php?rest_route=\/wp\/v2\/types\/page"}],"author":[{"embeddable":true,"href":"https:\/\/offenbar-offenbach.de\/index.php?rest_route=\/wp\/v2\/users\/3"}],"replies":[{"embeddable":true,"href":"https:\/\/offenbar-offenbach.de\/index.php?rest_route=%2Fwp%2Fv2%2Fcomments&post=1417"}],"version-history":[{"count":33,"href":"https:\/\/offenbar-offenbach.de\/index.php?rest_route=\/wp\/v2\/pages\/1417\/revisions"}],"predecessor-version":[{"id":1891,"href":"https:\/\/offenbar-offenbach.de\/index.php?rest_route=\/wp\/v2\/pages\/1417\/revisions\/1891"}],"up":[{"embeddable":true,"href":"https:\/\/offenbar-offenbach.de\/index.php?rest_route=\/wp\/v2\/pages\/1359"}],"wp:featuredmedia":[{"embeddable":true,"href":"https:\/\/offenbar-offenbach.de\/index.php?rest_route=\/wp\/v2\/media\/1418"}],"wp:attachment":[{"href":"https:\/\/offenbar-offenbach.de\/index.php?rest_route=%2Fwp%2Fv2%2Fmedia&parent=1417"}],"curies":[{"name":"wp","href":"https:\/\/api.w.org\/{rel}","templated":true}]}}

<p>Diplom Sozialpädagogin, <strong>Systemische Beraterin</strong> in Ausbildung</p>



<!--more-->



<div class="wp-block-columns is-layout-flex wp-container-core-columns-is-layout-9d6595d7 wp-block-columns-is-layout-flex">
<div class="wp-block-column is-layout-flow wp-block-column-is-layout-flow" style="flex-basis:66.66%">
<ul class="wp-block-list">
<li>wurde 1983 in Offenbach geboren und ist Mutter von      einem Sohn, Enno 8 Jahre alt</li>



<li><strong>Examinierte Gesundheits- und Krankenpflegerin</strong>,       Ketteler- Krankenhaus Offenbach (2004)</li>



<li><strong>Diplom Sozialpädagogin</strong>, Frankfurt University of Applied Sciences (2010), Beziehungsarbeit und Persönlichkeitsentwicklung</li>



<li><strong>seit 2011 arbeitet sie in der Beratung und Betreuung</strong> in verschiedenen Arbeitsfeldern                                                  Die meiste Zeit hat sie mit<strong> Frauen* in sozialen Notlagen</strong> gearbeitet. Darunter beriet und begleitete sie Frauen* die illegale Drogen konsumierten, Sexarbeiterinnen, Frauen* mit psychischen Erkrankungen und geflüchtete Frauen und ihre Kinder.</li>



<li>Aktuell arbeitet sie mit Frauen* und Kindern, die von Gewalt bedroht oder betroffen sind. <strong>Das Ziel ihrer Arbeit ist es</strong>, die Familien zu stabilisieren und Perspektiven zu erarbeiten, die ein unabhängiges und sicheres Leben ermöglichen.</li>



<li>Außerdem begleitet sie Menschen mit <strong>seelischen Behinderungen</strong>, im Rahmen der Eingliederungshilfe</li>



<li><strong>Weiterbildungen</strong> u.a. in MI-Motivational Interviewing (GK Quest Akademie), Krisenintervention, Kinderschutzfachkraft (ISEF)</li>



<li><strong>seit 2023</strong> befindet sie sich in der 2 jährigen Weiterbildung zur <strong>Systemischen Beraterin</strong> „Systemisches Arbeiten in Beratung und Therapie&#8220; beim Praxis-Institut Süd</li>



<li>Auch wenn sich ihre hauptberuflichen Tätigkeitsfelder inhaltlich an Frauen und Kinder richten, freut sie sich sehr, dass sie im Rahmen des Offenbar ihr Angebot an alle Geschlechter richten kann.</li>
</ul>
</div>



<div class="wp-block-column is-layout-flow wp-block-column-is-layout-flow" style="flex-basis:33.33%">
<figure class="wp-block-image size-large"><img loading="lazy" decoding="async" width="1024" height="1024" src="https://offenbar-offenbach.de/wp-content/uploads/2024/05/Katja_Homepage_c-1024x1024.jpg" alt="" class="wp-image-1574" srcset="https://offenbar-offenbach.de/wp-content/uploads/2024/05/Katja_Homepage_c-1024x1024.jpg 1024w, https://offenbar-offenbach.de/wp-content/uploads/2024/05/Katja_Homepage_c-300x300.jpg 300w, https://offenbar-offenbach.de/wp-content/uploads/2024/05/Katja_Homepage_c-150x150.jpg 150w, https://offenbar-offenbach.de/wp-content/uploads/2024/05/Katja_Homepage_c-768x768.jpg 768w, https://offenbar-offenbach.de/wp-content/uploads/2024/05/Katja_Homepage_c-1536x1536.jpg 1536w, https://offenbar-offenbach.de/wp-content/uploads/2024/05/Katja_Homepage_c-90x90.jpg 90w, https://offenbar-offenbach.de/wp-content/uploads/2024/05/Katja_Homepage_c-380x380.jpg 380w, https://offenbar-offenbach.de/wp-content/uploads/2024/05/Katja_Homepage_c.jpg 1953w" sizes="auto, (max-width: 1024px) 100vw, 1024px" /></figure>



<p></p>



<p>katja.visciani@beratung-systemisch-offenbach.de</p>



<p><a href="https://beratung-systemisch-offenbach.de/">https://beratung-systemisch-offenbach.de/</a></p>



<p><strong>Meine Schwerpunkte:</strong></p>



<ul class="wp-block-list">
<li>Entscheidungsprozesse begleiten, Beratung zu Trennungsideen</li>



<li>Alltagsgestaltung nach der Paartrennung</li>



<li>Elternkompetenzen stärken </li>



<li>Persönlichkeitsentwicklung </li>



<li>Konfliktklärung mit der Herkunftsfamilie</li>



<li>Fragen zu beruflichen Entscheidungen</li>
</ul>
</div>
</div>



<hr class="wp-block-separator has-alpha-channel-opacity"/>



<p>Die Dinge neu denken!</p>



<p>Das Leben ist bunt und alles eine Frage der Perspektive! Einige Phasen unseres Lebens machen es uns schwer einen kühlen Kopf zu bewahren. Die Gedanken verheddern sich, mit Mühe zieht man eine schwere Karre mit Lebenskram hinter sich her oder ein Kessel voller Gefühle brodelt auf offenem Feuer. Unsere Lebensthemen sind dabei so vielfältig, wie das Leben selbst, mal sehr laut und mal sehr leise zu hören.</p>



<p>Ich freue mich darauf mit Ihnen gemeinsam Ihre Dinge zu sortieren, zu ordnen und neu zu denken. Unsere gemeinsame Zeit widmen wir Ihren persönlichen Anliegen. Das Ziel ist es innere Suchprozesse in Gang zu bringen und diese gemeinsam zu reflektieren. Ich biete Ihnen an, dass wir uns Ihren Fragen auf ganz unterschiedliche Weise nähern. Möglich sind Spaziergänge, das Aufstellen ihrer Situation mit Figuren, das Begehen des Themas im Raum, das Visualisieren am Whiteboard und anderes mehr. Hierbei schätze ich Zuversicht, Anerkennung und Humor als meine wesentlichen persönlichen Begleiterinnen.</p>



<p>Wer gehört zu Ihrem aktuellen Thema, wer spielt eine Rolle?                                                                    Was würde passieren wenn Sie den Fokus verschieben und wofür könnte es nützlich sein, an ihrem Thema noch etwas festzuhalten?</p>



<p>Imagination:                                                                                                                                          Morgen früh um 6 Uhr klingelt Ihr Wecker. Müde reiben Sie sich die Augen und setzen sich an die Bettkante. Sie bemerken eine gewisse Leichtigkeit. In der Nacht haben Problemdiebe ihr Problem gestohlen, einfach mitgenommen und an einen schweren Stein gebunden im Meer versenkt. Woran würden Sie als Erstes merken, dass ihr Problem nicht mehr da ist? Was würden Sie als Erstes tun?</p>



<p>Ich freue mich auf Sie!</p>

<p>Diplom Sozialpädagogin, Systemische Beraterin in Ausbildung</p>
