{"id":1421,"date":"2024-04-30T18:50:11","date_gmt":"2024-04-30T18:50:11","guid":{"rendered":"https:\/\/offenbar-offenbach.de\/?page_id=1421"},"modified":"2025-09-02T07:59:36","modified_gmt":"2025-09-02T07:59:36","slug":"laura-hartwig","status":"publish","type":"page","link":"https:\/\/offenbar-offenbach.de\/?page_id=1421","title":{"rendered":"Nina Paul"},"content":{"rendered":"\n<p><strong>EUTB Beraterin<\/strong>, <strong>systemische Beraterin<\/strong> in Ausbildung, <strong>Fachberatung Autismusspektrum<\/strong> in Ausbildung, staatl. anerkannte Heilerziehungspflegerin<\/p>\n\n\n\n<!--more-->\n\n\n\n<div class=\"wp-block-columns is-layout-flex wp-container-core-columns-is-layout-9d6595d7 wp-block-columns-is-layout-flex\">\n<div class=\"wp-block-column is-layout-flow wp-block-column-is-layout-flow\" style=\"flex-basis:66.66%\">\n<ul class=\"wp-block-list\">\n<li>Geboren 1989 in Wangen im Allg\u00e4u, seit 2019 in Frankfurt am Main, Mutter eines Kindes, 5 Jahre<\/li>\n\n\n\n<li>Staatlich anerkannte Heilerziehungspflegerin (2018)<\/li>\n\n\n\n<li>Seit 2023 in Ausbildung zur systemischen Beraterin \u201esystemisches Arbeiten in Beratung und Therapie&#8220; am Praxis Institut S\u00fcd (Hanau)<\/li>\n\n\n\n<li>Ab M\u00e4rz 2025 in Ausbildung zur Fachberatung Autismusspektrum am ifbfb in Berlin<\/li>\n\n\n\n<li><strong>Im Moment t\u00e4tig als EUTB Beraterin <\/strong><\/li>\n\n\n\n<li>Davor t\u00e4tig im Lebens- und Arbeitsumfeld behinderter Menschen (vollstation\u00e4res Wohnen, Tagesf\u00f6rderst\u00e4tte) und ehrenamtliche systemische Beratung bei einer geistig behinderten Frau<\/li>\n\n\n\n<li>Weiterbildungen unter anderem im professionellen Deeskalationsmanagement, Traumafachtagungen und sozio-emotionale Entwicklung (vor allem bei Menschen mit Behinderung), TEACCH, Beziehung ohne Gewalt<\/li>\n<\/ul>\n<\/div>\n\n\n\n<div class=\"wp-block-column is-layout-flow wp-block-column-is-layout-flow\" style=\"flex-basis:33.33%\">\n<figure class=\"wp-block-image size-full is-resized\"><img loading=\"lazy\" decoding=\"async\" src=\"https:\/\/offenbar-offenbach.de\/wp-content\/uploads\/2025\/03\/Nina-1.jpg\" alt=\"\" class=\"wp-image-1835\" width=\"272\" height=\"256\" srcset=\"https:\/\/offenbar-offenbach.de\/wp-content\/uploads\/2025\/03\/Nina-1.jpg 799w, https:\/\/offenbar-offenbach.de\/wp-content\/uploads\/2025\/03\/Nina-1-300x283.jpg 300w, https:\/\/offenbar-offenbach.de\/wp-content\/uploads\/2025\/03\/Nina-1-768x724.jpg 768w, https:\/\/offenbar-offenbach.de\/wp-content\/uploads\/2025\/03\/Nina-1-403x380.jpg 403w\" sizes=\"auto, (max-width: 272px) 100vw, 272px\" \/><\/figure>\n\n\n\n<p><\/p>\n\n\n\n<p>nina.paul@beratung-systemisch-offenbach.de<\/p>\n\n\n\n<p><a href=\"https:\/\/beratung-systemisch-offenbach.de\/\">https:\/\/beratung-systemisch-offenbach.de\/<\/a><\/p>\n\n\n\n<p><a href=\"https:\/\/fachberatung-autismus-frankfurt.de\/\">https:\/\/fachberatung-autismus-frankfurt.de\/<\/a><\/p>\n<\/div>\n<\/div>\n\n\n\n<ul class=\"wp-block-list\">\n<p><strong>Meine Schwerpunkte:<\/strong><\/p>\n\n\n\n<ul class=\"wp-block-list\">\n<li>Pers\u00f6nliche Entwicklungsf\u00f6rderung, auch im Bereich Neurodivergenz<\/li>\n\n\n\n<li>Entscheidungsprozesse begleiten<\/li>\n\n\n\n<li>Selbstwirksamkeit erfahren (vor allem bei bestehender oder drohender Behinderung)<\/li>\n\n\n\n<li>Alltagsgestaltung in krisenhaften Situationen<\/li>\n\n\n\n<li>Beraterische Begleitung von Eltern behinderter Kinder<\/li>\n\n\n\n<li>Biographiearbeit<\/li>\n<\/ul>\n<\/ul>\n\n\n\n<hr class=\"wp-block-separator has-alpha-channel-opacity\"\/>\n\n\n\n<p>Systemische Beratung &#8211; Perspektiven erweitern, sich selbst finden<\/p>\n\n\n\n<p>Unsere Sicht auf die Welt wird von gesellschaftlichen Normen und Wertvorstellungen gepr\u00e4gt &#8211; von der Kindheit bis ins Erwachsenenalter. Doch was bedeutet \u201enormal&#8220;? Und wie gehen wir damit um, wenn wir oder andere als \u201enicht normal&#8220; wahrgenommen werden?<\/p>\n\n\n\n<p>Oft sind unsere eigenen \u00dcberzeugungen eng mit gesellschaftlichen Erwartungen verwoben. Wenn diese Erwartungen nicht mit unseren pers\u00f6nlichen Empfindungen \u00fcbereinstimmen &#8211; sei es in Bezug auf Geschlecht, Partnerschaft, Verhalten oder andere Aspekte des Lebens -, kann dies innere Konflikte ausl\u00f6sen. Ebenso k\u00f6nnen pers\u00f6nliche Ver\u00e4nderungen wie das Ende einer Beziehung, der Auszug eines Kindes, Verluste oder berufliche Umbr\u00fcche Krisen hervorrufen.<\/p>\n\n\n\n<p>Hier setzt systemische Beratung an. Sie hilft, unterschiedliche Perspektiven einzunehmen, Ambiguit\u00e4tstoleranz zu entwickeln und den eigenen Weg klarer zu erkennen. In einem gesch\u00fctzten Rahmen biete ich Ihnen Raum, Ihre Gedanken, Sorgen und Angste offen zu teilen &#8211; ohne Bewertung, aber mit Wertsch\u00e4tzung. Gemeinsam entwickeln wir Ans\u00e4tze, die zu Ihnen passen und Ihre pers\u00f6nliche Entwicklung unterst\u00fctzen.<\/p>\n\n\n\n<p>\u201eAlle Tr\u00e4nen sind salzig&#8220;, sagte Janusz Korczak. Jeder Mensch erlebt Herausforderungen auf seine eigene Weise &#8211; keine Sorge ist zu klein, kein Problem zu gro\u00df. In meiner Beratung schauen wir gemeinsam darauf, was in Ihnen wirkt, woher Muster und Emotionen stammen und wie Sie Ver\u00e4nderungsprozesse aktiv gestalten k\u00f6nnen.<\/p>\n\n\n\n<p>Mit systemischen Methoden wie Perspektivwechseln, Visualisierungen oder Tieraufstellungen erm\u00f6gliche ich Ihnen neue Einsichten. Lassen Sie sich nicht \u00fcberraschen, wenn ich Sie frage, was Ihr Bruder, Ihr Kind oder Ihr verstorbener Vater zu einer bestimmten Situation sagen w\u00fcrde &#8211; die Einbeziehung wichtiger Personen aus Ihrem Lebensumfeld kann eine wertvolle Ressource sein.<\/p>\n\n\n\n<p>Ich freue mich darauf, Sie in Ihrem pers\u00f6nlichen Prozess zu begleiten!<\/p>\n\n\n\n<p>Kontakt: ninapia.paul@icloud.com<\/p>\n","protected":false},"excerpt":{"rendered":"<p>EUTB Beraterin, systemische Beraterin in Ausbildung, Fachberatung Autismusspektrum in Ausbildung, staatl. anerkannte Heilerziehungspflegerin<\/p>\n","protected":false},"author":3,"featured_media":1832,"parent":1359,"menu_order":2,"comment_status":"closed","ping_status":"closed","template":"","meta":{"footnotes":""},"class_list":["post-1421","page","type-page","status-publish","has-post-thumbnail","hentry","with-featured-image"],"jetpack_sharing_enabled":true,"_links":{"self":[{"href":"https:\/\/offenbar-offenbach.de\/index.php?rest_route=\/wp\/v2\/pages\/1421","targetHints":{"allow":["GET"]}}],"collection":[{"href":"https:\/\/offenbar-offenbach.de\/index.php?rest_route=\/wp\/v2\/pages"}],"about":[{"href":"https:\/\/offenbar-offenbach.de\/index.php?rest_route=\/wp\/v2\/types\/page"}],"author":[{"embeddable":true,"href":"https:\/\/offenbar-offenbach.de\/index.php?rest_route=\/wp\/v2\/users\/3"}],"replies":[{"embeddable":true,"href":"https:\/\/offenbar-offenbach.de\/index.php?rest_route=%2Fwp%2Fv2%2Fcomments&post=1421"}],"version-history":[{"count":24,"href":"https:\/\/offenbar-offenbach.de\/index.php?rest_route=\/wp\/v2\/pages\/1421\/revisions"}],"predecessor-version":[{"id":1890,"href":"https:\/\/offenbar-offenbach.de\/index.php?rest_route=\/wp\/v2\/pages\/1421\/revisions\/1890"}],"up":[{"embeddable":true,"href":"https:\/\/offenbar-offenbach.de\/index.php?rest_route=\/wp\/v2\/pages\/1359"}],"wp:featuredmedia":[{"embeddable":true,"href":"https:\/\/offenbar-offenbach.de\/index.php?rest_route=\/wp\/v2\/media\/1832"}],"wp:attachment":[{"href":"https:\/\/offenbar-offenbach.de\/index.php?rest_route=%2Fwp%2Fv2%2Fmedia&parent=1421"}],"curies":[{"name":"wp","href":"https:\/\/api.w.org\/{rel}","templated":true}]}}

<p><strong>EUTB Beraterin</strong>, <strong>systemische Beraterin</strong> in Ausbildung, <strong>Fachberatung Autismusspektrum</strong> in Ausbildung, staatl. anerkannte Heilerziehungspflegerin</p>



<!--more-->



<div class="wp-block-columns is-layout-flex wp-container-core-columns-is-layout-9d6595d7 wp-block-columns-is-layout-flex">
<div class="wp-block-column is-layout-flow wp-block-column-is-layout-flow" style="flex-basis:66.66%">
<ul class="wp-block-list">
<li>Geboren 1989 in Wangen im Allgäu, seit 2019 in Frankfurt am Main, Mutter eines Kindes, 5 Jahre</li>



<li>Staatlich anerkannte Heilerziehungspflegerin (2018)</li>



<li>Seit 2023 in Ausbildung zur systemischen Beraterin „systemisches Arbeiten in Beratung und Therapie&#8220; am Praxis Institut Süd (Hanau)</li>



<li>Ab März 2025 in Ausbildung zur Fachberatung Autismusspektrum am ifbfb in Berlin</li>



<li><strong>Im Moment tätig als EUTB Beraterin </strong></li>



<li>Davor tätig im Lebens- und Arbeitsumfeld behinderter Menschen (vollstationäres Wohnen, Tagesförderstätte) und ehrenamtliche systemische Beratung bei einer geistig behinderten Frau</li>



<li>Weiterbildungen unter anderem im professionellen Deeskalationsmanagement, Traumafachtagungen und sozio-emotionale Entwicklung (vor allem bei Menschen mit Behinderung), TEACCH, Beziehung ohne Gewalt</li>
</ul>
</div>



<div class="wp-block-column is-layout-flow wp-block-column-is-layout-flow" style="flex-basis:33.33%">
<figure class="wp-block-image size-full is-resized"><img loading="lazy" decoding="async" src="https://offenbar-offenbach.de/wp-content/uploads/2025/03/Nina-1.jpg" alt="" class="wp-image-1835" width="272" height="256" srcset="https://offenbar-offenbach.de/wp-content/uploads/2025/03/Nina-1.jpg 799w, https://offenbar-offenbach.de/wp-content/uploads/2025/03/Nina-1-300x283.jpg 300w, https://offenbar-offenbach.de/wp-content/uploads/2025/03/Nina-1-768x724.jpg 768w, https://offenbar-offenbach.de/wp-content/uploads/2025/03/Nina-1-403x380.jpg 403w" sizes="auto, (max-width: 272px) 100vw, 272px" /></figure>



<p></p>



<p>nina.paul@beratung-systemisch-offenbach.de</p>



<p><a href="https://beratung-systemisch-offenbach.de/">https://beratung-systemisch-offenbach.de/</a></p>



<p><a href="https://fachberatung-autismus-frankfurt.de/">https://fachberatung-autismus-frankfurt.de/</a></p>
</div>
</div>



<ul class="wp-block-list">
<p><strong>Meine Schwerpunkte:</strong></p>



<ul class="wp-block-list">
<li>Persönliche Entwicklungsförderung, auch im Bereich Neurodivergenz</li>



<li>Entscheidungsprozesse begleiten</li>



<li>Selbstwirksamkeit erfahren (vor allem bei bestehender oder drohender Behinderung)</li>



<li>Alltagsgestaltung in krisenhaften Situationen</li>



<li>Beraterische Begleitung von Eltern behinderter Kinder</li>



<li>Biographiearbeit</li>
</ul>
</ul>



<hr class="wp-block-separator has-alpha-channel-opacity"/>



<p>Systemische Beratung &#8211; Perspektiven erweitern, sich selbst finden</p>



<p>Unsere Sicht auf die Welt wird von gesellschaftlichen Normen und Wertvorstellungen geprägt &#8211; von der Kindheit bis ins Erwachsenenalter. Doch was bedeutet „normal&#8220;? Und wie gehen wir damit um, wenn wir oder andere als „nicht normal&#8220; wahrgenommen werden?</p>



<p>Oft sind unsere eigenen Überzeugungen eng mit gesellschaftlichen Erwartungen verwoben. Wenn diese Erwartungen nicht mit unseren persönlichen Empfindungen übereinstimmen &#8211; sei es in Bezug auf Geschlecht, Partnerschaft, Verhalten oder andere Aspekte des Lebens -, kann dies innere Konflikte auslösen. Ebenso können persönliche Veränderungen wie das Ende einer Beziehung, der Auszug eines Kindes, Verluste oder berufliche Umbrüche Krisen hervorrufen.</p>



<p>Hier setzt systemische Beratung an. Sie hilft, unterschiedliche Perspektiven einzunehmen, Ambiguitätstoleranz zu entwickeln und den eigenen Weg klarer zu erkennen. In einem geschützten Rahmen biete ich Ihnen Raum, Ihre Gedanken, Sorgen und Angste offen zu teilen &#8211; ohne Bewertung, aber mit Wertschätzung. Gemeinsam entwickeln wir Ansätze, die zu Ihnen passen und Ihre persönliche Entwicklung unterstützen.</p>



<p>„Alle Tränen sind salzig&#8220;, sagte Janusz Korczak. Jeder Mensch erlebt Herausforderungen auf seine eigene Weise &#8211; keine Sorge ist zu klein, kein Problem zu groß. In meiner Beratung schauen wir gemeinsam darauf, was in Ihnen wirkt, woher Muster und Emotionen stammen und wie Sie Veränderungsprozesse aktiv gestalten können.</p>



<p>Mit systemischen Methoden wie Perspektivwechseln, Visualisierungen oder Tieraufstellungen ermögliche ich Ihnen neue Einsichten. Lassen Sie sich nicht überraschen, wenn ich Sie frage, was Ihr Bruder, Ihr Kind oder Ihr verstorbener Vater zu einer bestimmten Situation sagen würde &#8211; die Einbeziehung wichtiger Personen aus Ihrem Lebensumfeld kann eine wertvolle Ressource sein.</p>



<p>Ich freue mich darauf, Sie in Ihrem persönlichen Prozess zu begleiten!</p>



<p>Kontakt: ninapia.paul@icloud.com</p>
