{"id":1441,"date":"2024-04-30T19:13:48","date_gmt":"2024-04-30T19:13:48","guid":{"rendered":"https:\/\/offenbar-offenbach.de\/?page_id=1441"},"modified":"2025-10-01T16:13:39","modified_gmt":"2025-10-01T16:13:39","slug":"gut-zu-wissen","status":"publish","type":"page","link":"https:\/\/offenbar-offenbach.de\/?page_id=1441","title":{"rendered":"Fabienne Schneider"},"content":{"rendered":"\n<p>Heilpraktikerin f\u00fcr Psychotherapie (HeilprG)                                                                                 Psychosoziale Beraterin (M.A)                                                                                                    Personzentrierte Beraterin (gwg)                                                                                               Gestalttherapeutin<\/p>\n\n\n\n<!--more-->\n\n\n\n<p>  <\/p>\n\n\n\n<div class=\"wp-block-columns is-layout-flex wp-container-core-columns-is-layout-9d6595d7 wp-block-columns-is-layout-flex\">\n<div class=\"wp-block-column is-layout-flow wp-block-column-is-layout-flow\">\n<p> <\/p>\n\n\n\n<ul class=\"wp-block-list\">\n<li>1992 geboren in Dreieich, seit 2023 in Offenbach am Main<\/li>\n\n\n\n<li><strong>staatlich anerkannte Sozialarbeiterin (B.A.)<\/strong> an der Frankfurt University Of Applied Sciences (2017)<\/li>\n\n\n\n<li><strong>Psychosoziale Beraterin (M.A.) <\/strong>an der Frankfurt University of Applied Sciences (2021)<\/li>\n\n\n\n<li><strong>Personzentrierte Beraterin (gwg) <\/strong>am Kompetenzcampus Frankfurt am Main (2022) mit dem Schwerpunkt &#8222;Focusing-orientierte Prozessbegleitung in Beratung und Psychotherapie&#8220;<\/li>\n\n\n\n<li><strong>Gestalttherapeutin<\/strong> am Gestalt-Institut Frankfurt am Main (2022-aktuell)<\/li>\n\n\n\n<li><strong>Marte-Meo-Praktikerin <\/strong>(2024)<\/li>\n\n\n\n<li><strong>Heilpraktikerin f\u00fcr Psychotherapie (HeilprG),<\/strong> Stadtgesundheitsamt Offenbach am Main (2024)<\/li>\n\n\n\n<li>2017-2020 angestellt bei einem Sozialpsychiatrischen Tr\u00e4ger in der Eingliederungshilfe f\u00fcr Menschen mit psychischen Erkrankungen&nbsp;<\/li>\n\n\n\n<li>2020-2023 angestellt bei einem&nbsp;psychosozialen Dienst f\u00fcr Familien mit den Schwerpunkten Familienhilfe und Eingliederungshilfe im Kontext psychischer Erkrankung&nbsp;<\/li>\n\n\n\n<li>2023-2024 angestellt als Autismus-Therapeutin f\u00fcr Menschen im Autismus-Spektrum&nbsp;<\/li>\n\n\n\n<li>seit 2024 angestellt als <strong>Kinder- und Jugendlichentherapeutin<\/strong> f\u00fcr Kinder mit sozial-emotionalem F\u00f6rderbedarf in einer Tagesgruppe der Stadt Frankfurt am Main<\/li>\n<\/ul>\n<\/div>\n\n\n\n<div class=\"wp-block-column is-layout-flow wp-block-column-is-layout-flow\">\n<figure class=\"wp-block-image size-large is-resized\"><img loading=\"lazy\" decoding=\"async\" src=\"https:\/\/offenbar-offenbach.de\/wp-content\/uploads\/2024\/09\/Fabienne-Schneider-2-1024x682.jpeg\" alt=\"\" class=\"wp-image-1789\" width=\"399\" height=\"265\" srcset=\"https:\/\/offenbar-offenbach.de\/wp-content\/uploads\/2024\/09\/Fabienne-Schneider-2-1024x682.jpeg 1024w, https:\/\/offenbar-offenbach.de\/wp-content\/uploads\/2024\/09\/Fabienne-Schneider-2-300x200.jpeg 300w, https:\/\/offenbar-offenbach.de\/wp-content\/uploads\/2024\/09\/Fabienne-Schneider-2-768x512.jpeg 768w, https:\/\/offenbar-offenbach.de\/wp-content\/uploads\/2024\/09\/Fabienne-Schneider-2-1536x1023.jpeg 1536w, https:\/\/offenbar-offenbach.de\/wp-content\/uploads\/2024\/09\/Fabienne-Schneider-2-570x380.jpeg 570w, https:\/\/offenbar-offenbach.de\/wp-content\/uploads\/2024\/09\/Fabienne-Schneider-2.jpeg 1600w\" sizes=\"auto, (max-width: 399px) 100vw, 399px\" \/><figcaption class=\"wp-element-caption\"><br><a href=\"https:\/\/psychotherapie-schneider-offenbach.de\/\" data-type=\"URL\" data-id=\"https:\/\/psychotherapie-schneider-offenbach.de\/\">https:\/\/psychotherapie-schneider-offenbach.de\/<\/a><br><br><strong>Ich arbeite mit Kindern, Jugendlichen und Erwachsenen zu folgenden Themen: <\/strong><br>&#8211; psychische Belastungen\/Krise, Lebens- und Sinnkrisen\u00a0<br>&#8211; psychische Erkrankungen (Anpassungsst\u00f6rungen, Depressionen, \u00c4ngste, <br>Panikst\u00f6rungen, Zw\u00e4nge, psychosomatische Erkrankungen, Schmerzst\u00f6rungen, Schlafst\u00f6rungen, Essst\u00f6rungen, Autismus-Spektrum-St\u00f6rung)<br>&#8211; Stress, \u00dcberforderung<br>&#8211; Selbstwert\/Selbstbild<br>&#8211; Konflikte in Beziehungen\u00a0<br>&#8211; Schwierigkeiten im Beruf\u00a0<br>&#8211; Verarbeiten biografischer Erlebnisse<br>&#8211; k\u00f6rperorientiertes Arbeiten\u00a0<br>&#8211; Verbindung von Geist, Gef\u00fchlen, K\u00f6rper im therapeutischen Prozess            <br>&#8211; Paar- und Beziehungstherapie<\/figcaption><\/figure>\n\n\n\n<p><\/p>\n<\/div>\n<\/div>\n\n\n\n<p>Menschen und ihre Geschichten faszinieren mich seit jeher und machen mich neugierig. Zeitgleich ist es mir ein gro\u00dfes Bed\u00fcrfnis, Menschen zu helfen und zu unterst\u00fctzen. Ich liebe an meiner Arbeit diese magischen Momente, wenn sich bei meinem Gegen\u00fcber etwas l\u00f6st, etwas klarer wird, etwas Neues entsteht und etwas Altes gehen kann. Wenn Wachstum geschieht. Dann f\u00fchle ich mich selber ganz ber\u00fchrt und lebendig.<\/p>\n\n\n\n<p>In meiner Arbeit ber\u00fccksichtige ich neben dem, was Sie mir sprachlich und inhaltlich vermittelt haben, auch besonders, wie Sie das getan haben. Was sagt ihr K\u00f6rper zu dem Thema? Welche Emotionen werden deutlich?<\/p>\n\n\n\n<p>Wo wir ein Thema vielleicht schon unz\u00e4hlige Male zerdacht haben, der Kopf mit dem Denken in eine Sackgasse geraten ist oder wir vielleicht gar nicht in Worte fassen k\u00f6nnen, was in uns los ist, beziehen wir in der k\u00f6rperorientierten Gestalttherapie neben der gedanklichen, emotionalen, intellektuellen und spirituellen Ebene auch Signale der K\u00f6rpersprache und k\u00f6rperliche Empfindungen als wertvolle Hinweise ins Gespr\u00e4ch mit ein.<\/p>\n\n\n\n<p>Ich habe auf meinem eigenen Lebensweg und in meiner therapeutischen Ausbildung die Erfahrung gemacht, dass wir alle einen inneren Kompass in uns haben, der uns durch unser Leben leitet und f\u00fchrt. Manchmal verlieren wir den Kontakt dazu, er ist aber immer da. Und dass es immer weitergeht, auch wenn wir manchmal nicht wissen, wie. Dass es h\u00e4ufig erst eng und manchmal richtig anstregend ist, bevor es wieder leichter wird. Dass das Leben in Wellen verl\u00e4uft. Und dass in uns ein heiler Kern ist, der nach Wachstum und Verbundenheit strebt.<\/p>\n\n\n\n<p>Sehr gerne begleite ich auch Sie auf Ihrem Weg.&nbsp;<\/p>\n\n\n\n<p><\/p>\n","protected":false},"excerpt":{"rendered":"<p>Heilpraktikerin f\u00fcr Psychotherapie (HeilprG) Psychosoziale Beraterin (M.A) Personzentrierte Beraterin (gwg) Gestalttherapeutin<\/p>\n","protected":false},"author":3,"featured_media":1898,"parent":1359,"menu_order":4,"comment_status":"closed","ping_status":"closed","template":"","meta":{"footnotes":""},"class_list":["post-1441","page","type-page","status-publish","has-post-thumbnail","hentry","with-featured-image"],"jetpack_sharing_enabled":true,"_links":{"self":[{"href":"https:\/\/offenbar-offenbach.de\/index.php?rest_route=\/wp\/v2\/pages\/1441","targetHints":{"allow":["GET"]}}],"collection":[{"href":"https:\/\/offenbar-offenbach.de\/index.php?rest_route=\/wp\/v2\/pages"}],"about":[{"href":"https:\/\/offenbar-offenbach.de\/index.php?rest_route=\/wp\/v2\/types\/page"}],"author":[{"embeddable":true,"href":"https:\/\/offenbar-offenbach.de\/index.php?rest_route=\/wp\/v2\/users\/3"}],"replies":[{"embeddable":true,"href":"https:\/\/offenbar-offenbach.de\/index.php?rest_route=%2Fwp%2Fv2%2Fcomments&post=1441"}],"version-history":[{"count":23,"href":"https:\/\/offenbar-offenbach.de\/index.php?rest_route=\/wp\/v2\/pages\/1441\/revisions"}],"predecessor-version":[{"id":1900,"href":"https:\/\/offenbar-offenbach.de\/index.php?rest_route=\/wp\/v2\/pages\/1441\/revisions\/1900"}],"up":[{"embeddable":true,"href":"https:\/\/offenbar-offenbach.de\/index.php?rest_route=\/wp\/v2\/pages\/1359"}],"wp:featuredmedia":[{"embeddable":true,"href":"https:\/\/offenbar-offenbach.de\/index.php?rest_route=\/wp\/v2\/media\/1898"}],"wp:attachment":[{"href":"https:\/\/offenbar-offenbach.de\/index.php?rest_route=%2Fwp%2Fv2%2Fmedia&parent=1441"}],"curies":[{"name":"wp","href":"https:\/\/api.w.org\/{rel}","templated":true}]}}

<p>Heilpraktikerin für Psychotherapie (HeilprG)                                                                                 Psychosoziale Beraterin (M.A)                                                                                                    Personzentrierte Beraterin (gwg)                                                                                               Gestalttherapeutin</p>



<!--more-->



<p>  </p>



<div class="wp-block-columns is-layout-flex wp-container-core-columns-is-layout-9d6595d7 wp-block-columns-is-layout-flex">
<div class="wp-block-column is-layout-flow wp-block-column-is-layout-flow">
<p> </p>



<ul class="wp-block-list">
<li>1992 geboren in Dreieich, seit 2023 in Offenbach am Main</li>



<li><strong>staatlich anerkannte Sozialarbeiterin (B.A.)</strong> an der Frankfurt University Of Applied Sciences (2017)</li>



<li><strong>Psychosoziale Beraterin (M.A.) </strong>an der Frankfurt University of Applied Sciences (2021)</li>



<li><strong>Personzentrierte Beraterin (gwg) </strong>am Kompetenzcampus Frankfurt am Main (2022) mit dem Schwerpunkt &#8222;Focusing-orientierte Prozessbegleitung in Beratung und Psychotherapie&#8220;</li>



<li><strong>Gestalttherapeutin</strong> am Gestalt-Institut Frankfurt am Main (2022-aktuell)</li>



<li><strong>Marte-Meo-Praktikerin </strong>(2024)</li>



<li><strong>Heilpraktikerin für Psychotherapie (HeilprG),</strong> Stadtgesundheitsamt Offenbach am Main (2024)</li>



<li>2017-2020 angestellt bei einem Sozialpsychiatrischen Träger in der Eingliederungshilfe für Menschen mit psychischen Erkrankungen&nbsp;</li>



<li>2020-2023 angestellt bei einem&nbsp;psychosozialen Dienst für Familien mit den Schwerpunkten Familienhilfe und Eingliederungshilfe im Kontext psychischer Erkrankung&nbsp;</li>



<li>2023-2024 angestellt als Autismus-Therapeutin für Menschen im Autismus-Spektrum&nbsp;</li>



<li>seit 2024 angestellt als <strong>Kinder- und Jugendlichentherapeutin</strong> für Kinder mit sozial-emotionalem Förderbedarf in einer Tagesgruppe der Stadt Frankfurt am Main</li>
</ul>
</div>



<div class="wp-block-column is-layout-flow wp-block-column-is-layout-flow">
<figure class="wp-block-image size-large is-resized"><img loading="lazy" decoding="async" src="https://offenbar-offenbach.de/wp-content/uploads/2024/09/Fabienne-Schneider-2-1024x682.jpeg" alt="" class="wp-image-1789" width="399" height="265" srcset="https://offenbar-offenbach.de/wp-content/uploads/2024/09/Fabienne-Schneider-2-1024x682.jpeg 1024w, https://offenbar-offenbach.de/wp-content/uploads/2024/09/Fabienne-Schneider-2-300x200.jpeg 300w, https://offenbar-offenbach.de/wp-content/uploads/2024/09/Fabienne-Schneider-2-768x512.jpeg 768w, https://offenbar-offenbach.de/wp-content/uploads/2024/09/Fabienne-Schneider-2-1536x1023.jpeg 1536w, https://offenbar-offenbach.de/wp-content/uploads/2024/09/Fabienne-Schneider-2-570x380.jpeg 570w, https://offenbar-offenbach.de/wp-content/uploads/2024/09/Fabienne-Schneider-2.jpeg 1600w" sizes="auto, (max-width: 399px) 100vw, 399px" /><figcaption class="wp-element-caption"><br><a href="https://psychotherapie-schneider-offenbach.de/" data-type="URL" data-id="https://psychotherapie-schneider-offenbach.de/">https://psychotherapie-schneider-offenbach.de/</a><br><br><strong>Ich arbeite mit Kindern, Jugendlichen und Erwachsenen zu folgenden Themen: </strong><br>&#8211; psychische Belastungen/Krise, Lebens- und Sinnkrisen <br>&#8211; psychische Erkrankungen (Anpassungsstörungen, Depressionen, Ängste, <br>Panikstörungen, Zwänge, psychosomatische Erkrankungen, Schmerzstörungen, Schlafstörungen, Essstörungen, Autismus-Spektrum-Störung)<br>&#8211; Stress, Überforderung<br>&#8211; Selbstwert/Selbstbild<br>&#8211; Konflikte in Beziehungen <br>&#8211; Schwierigkeiten im Beruf <br>&#8211; Verarbeiten biografischer Erlebnisse<br>&#8211; körperorientiertes Arbeiten <br>&#8211; Verbindung von Geist, Gefühlen, Körper im therapeutischen Prozess            <br>&#8211; Paar- und Beziehungstherapie</figcaption></figure>



<p></p>
</div>
</div>



<p>Menschen und ihre Geschichten faszinieren mich seit jeher und machen mich neugierig. Zeitgleich ist es mir ein großes Bedürfnis, Menschen zu helfen und zu unterstützen. Ich liebe an meiner Arbeit diese magischen Momente, wenn sich bei meinem Gegenüber etwas löst, etwas klarer wird, etwas Neues entsteht und etwas Altes gehen kann. Wenn Wachstum geschieht. Dann fühle ich mich selber ganz berührt und lebendig.</p>



<p>In meiner Arbeit berücksichtige ich neben dem, was Sie mir sprachlich und inhaltlich vermittelt haben, auch besonders, wie Sie das getan haben. Was sagt ihr Körper zu dem Thema? Welche Emotionen werden deutlich?</p>



<p>Wo wir ein Thema vielleicht schon unzählige Male zerdacht haben, der Kopf mit dem Denken in eine Sackgasse geraten ist oder wir vielleicht gar nicht in Worte fassen können, was in uns los ist, beziehen wir in der körperorientierten Gestalttherapie neben der gedanklichen, emotionalen, intellektuellen und spirituellen Ebene auch Signale der Körpersprache und körperliche Empfindungen als wertvolle Hinweise ins Gespräch mit ein.</p>



<p>Ich habe auf meinem eigenen Lebensweg und in meiner therapeutischen Ausbildung die Erfahrung gemacht, dass wir alle einen inneren Kompass in uns haben, der uns durch unser Leben leitet und führt. Manchmal verlieren wir den Kontakt dazu, er ist aber immer da. Und dass es immer weitergeht, auch wenn wir manchmal nicht wissen, wie. Dass es häufig erst eng und manchmal richtig anstregend ist, bevor es wieder leichter wird. Dass das Leben in Wellen verläuft. Und dass in uns ein heiler Kern ist, der nach Wachstum und Verbundenheit strebt.</p>



<p>Sehr gerne begleite ich auch Sie auf Ihrem Weg.&nbsp;</p>



<p></p>

<p>Heilpraktikerin für Psychotherapie (HeilprG) Psychosoziale Beraterin (M.A) Personzentrierte Beraterin (gwg) Gestalttherapeutin</p>
