{"id":1588,"date":"2024-05-02T12:48:25","date_gmt":"2024-05-02T12:48:25","guid":{"rendered":"https:\/\/offenbar-offenbach.de\/?page_id=1588"},"modified":"2024-05-02T15:14:57","modified_gmt":"2024-05-02T15:14:57","slug":"kathrin-trudel","status":"publish","type":"page","link":"https:\/\/offenbar-offenbach.de\/?page_id=1588","title":{"rendered":"Kathrin Trudel"},"content":{"rendered":"\n<p> Gestaltung &amp; Design<\/p>\n\n\n\n<!--more-->\n\n\n\n<div class=\"wp-block-columns is-layout-flex wp-container-core-columns-is-layout-9d6595d7 wp-block-columns-is-layout-flex\">\n<div class=\"wp-block-column is-layout-flow wp-block-column-is-layout-flow\" style=\"flex-basis:66.66%\">\n<p>Kathrin Trudel, Dipl.-Ing. (FH Architektur) ist Gestalterin.<\/p>\n\n\n\n<p>Bei Entwurfsplanungen ist sie fokussiert auf den Nutzer und das Finden passender, ganzheitlicher und nachhaltiger L\u00f6sungen.        Sie erstellt Raumkonzepte und steht f\u00fcr Planungsfragen zur Verf\u00fcgung.<\/p>\n\n\n\n<p>Sie liebt es, Sachen selbst herzustellen. Unter dem Label piieps er\u00f6ffnet sich eine Welt praktischer Dinge. Hier sind beispielsweise Kissen aller Art zu finden. DIY-N\u00e4hanleitungen zeigen, wie es geht. <\/p>\n<\/div>\n\n\n\n<div class=\"wp-block-column is-layout-flow wp-block-column-is-layout-flow\" style=\"flex-basis:33.33%\">\n<figure class=\"wp-block-image size-large\"><img loading=\"lazy\" decoding=\"async\" width=\"1024\" height=\"1024\" src=\"https:\/\/offenbar-offenbach.de\/wp-content\/uploads\/2024\/05\/IMG_2196-1024x1024.jpg\" alt=\"\" class=\"wp-image-1589\" srcset=\"https:\/\/offenbar-offenbach.de\/wp-content\/uploads\/2024\/05\/IMG_2196-1024x1024.jpg 1024w, https:\/\/offenbar-offenbach.de\/wp-content\/uploads\/2024\/05\/IMG_2196-300x300.jpg 300w, https:\/\/offenbar-offenbach.de\/wp-content\/uploads\/2024\/05\/IMG_2196-150x150.jpg 150w, https:\/\/offenbar-offenbach.de\/wp-content\/uploads\/2024\/05\/IMG_2196-768x768.jpg 768w, https:\/\/offenbar-offenbach.de\/wp-content\/uploads\/2024\/05\/IMG_2196-90x90.jpg 90w, https:\/\/offenbar-offenbach.de\/wp-content\/uploads\/2024\/05\/IMG_2196-380x380.jpg 380w, https:\/\/offenbar-offenbach.de\/wp-content\/uploads\/2024\/05\/IMG_2196.jpg 1193w\" sizes=\"auto, (max-width: 1024px) 100vw, 1024px\" \/><\/figure>\n\n\n\n<p><\/p>\n<\/div>\n<\/div>\n\n\n\n<p>Diese sieben Dinge sagt sie \u00fcber sich:<\/p>\n\n\n\n<ul class=\"wp-block-list\">\n<li>Ich liebe funktionelles Design und umgebe mich gern mit sch\u00f6nen Dingen.<\/li>\n\n\n\n<li>Ich mag Offenbach, wohne in Frankfurt und komme aus Leipzig.<\/li>\n\n\n\n<li>Holland, Japan und Skandinavien sch\u00e4tze ich wegen deren Design-Verst\u00e4ndnisses.<\/li>\n\n\n\n<li>Ich sch\u00e4tze Klarheit, das Zitat von Mies van der Rohe \u201eWeniger ist mehr.\u201c ist auch meine Lebensmaxime.<\/li>\n\n\n\n<li>Ich habe ein Faible f\u00fcr Farbe und Proportionen.<\/li>\n\n\n\n<li>Mein Lieblingsverkehrsmittel ist das Fahrrad.<\/li>\n\n\n\n<li>Strand am Meer, Wald mit Kiefernduft, das Mainufer sind Orte, die mir Kraft schenken.<\/li>\n<\/ul>\n\n\n\n<figure class=\"wp-block-gallery has-nested-images columns-default is-cropped wp-block-gallery-1 is-layout-flex wp-block-gallery-is-layout-flex\">\n<figure class=\"wp-block-image size-large\"><img loading=\"lazy\" decoding=\"async\" width=\"1024\" height=\"1024\" data-id=\"1593\" src=\"https:\/\/offenbar-offenbach.de\/wp-content\/uploads\/2024\/05\/IMG_06781-1024x1024.jpg\" alt=\"\" class=\"wp-image-1593\" srcset=\"https:\/\/offenbar-offenbach.de\/wp-content\/uploads\/2024\/05\/IMG_06781-1024x1024.jpg 1024w, https:\/\/offenbar-offenbach.de\/wp-content\/uploads\/2024\/05\/IMG_06781-300x300.jpg 300w, https:\/\/offenbar-offenbach.de\/wp-content\/uploads\/2024\/05\/IMG_06781-150x150.jpg 150w, https:\/\/offenbar-offenbach.de\/wp-content\/uploads\/2024\/05\/IMG_06781-768x768.jpg 768w, https:\/\/offenbar-offenbach.de\/wp-content\/uploads\/2024\/05\/IMG_06781-1536x1536.jpg 1536w, https:\/\/offenbar-offenbach.de\/wp-content\/uploads\/2024\/05\/IMG_06781-90x90.jpg 90w, https:\/\/offenbar-offenbach.de\/wp-content\/uploads\/2024\/05\/IMG_06781-380x380.jpg 380w, https:\/\/offenbar-offenbach.de\/wp-content\/uploads\/2024\/05\/IMG_06781.jpg 1960w\" sizes=\"auto, (max-width: 1024px) 100vw, 1024px\" \/><\/figure>\n\n\n\n<figure class=\"wp-block-image size-large\"><img loading=\"lazy\" decoding=\"async\" width=\"1024\" height=\"1024\" data-id=\"1592\" src=\"https:\/\/offenbar-offenbach.de\/wp-content\/uploads\/2024\/05\/IMG_06791-1024x1024.jpg\" alt=\"\" class=\"wp-image-1592\" srcset=\"https:\/\/offenbar-offenbach.de\/wp-content\/uploads\/2024\/05\/IMG_06791-1024x1024.jpg 1024w, https:\/\/offenbar-offenbach.de\/wp-content\/uploads\/2024\/05\/IMG_06791-300x300.jpg 300w, https:\/\/offenbar-offenbach.de\/wp-content\/uploads\/2024\/05\/IMG_06791-150x150.jpg 150w, https:\/\/offenbar-offenbach.de\/wp-content\/uploads\/2024\/05\/IMG_06791-768x768.jpg 768w, https:\/\/offenbar-offenbach.de\/wp-content\/uploads\/2024\/05\/IMG_06791-1536x1536.jpg 1536w, https:\/\/offenbar-offenbach.de\/wp-content\/uploads\/2024\/05\/IMG_06791-90x90.jpg 90w, https:\/\/offenbar-offenbach.de\/wp-content\/uploads\/2024\/05\/IMG_06791-380x380.jpg 380w, https:\/\/offenbar-offenbach.de\/wp-content\/uploads\/2024\/05\/IMG_06791.jpg 1840w\" sizes=\"auto, (max-width: 1024px) 100vw, 1024px\" \/><\/figure>\n\n\n\n<figure class=\"wp-block-image size-large\"><img loading=\"lazy\" decoding=\"async\" width=\"1024\" height=\"1024\" data-id=\"1591\" src=\"https:\/\/offenbar-offenbach.de\/wp-content\/uploads\/2024\/05\/IMG_0682-1024x1024.jpg\" alt=\"\" class=\"wp-image-1591\" srcset=\"https:\/\/offenbar-offenbach.de\/wp-content\/uploads\/2024\/05\/IMG_0682-1024x1024.jpg 1024w, https:\/\/offenbar-offenbach.de\/wp-content\/uploads\/2024\/05\/IMG_0682-300x300.jpg 300w, https:\/\/offenbar-offenbach.de\/wp-content\/uploads\/2024\/05\/IMG_0682-150x150.jpg 150w, https:\/\/offenbar-offenbach.de\/wp-content\/uploads\/2024\/05\/IMG_0682-768x768.jpg 768w, https:\/\/offenbar-offenbach.de\/wp-content\/uploads\/2024\/05\/IMG_0682-1536x1536.jpg 1536w, https:\/\/offenbar-offenbach.de\/wp-content\/uploads\/2024\/05\/IMG_0682-90x90.jpg 90w, https:\/\/offenbar-offenbach.de\/wp-content\/uploads\/2024\/05\/IMG_0682-380x380.jpg 380w, https:\/\/offenbar-offenbach.de\/wp-content\/uploads\/2024\/05\/IMG_0682.jpg 1641w\" sizes=\"auto, (max-width: 1024px) 100vw, 1024px\" \/><\/figure>\n<\/figure>\n\n\n\n<p>Sie hat einen h\u00e4ngenden Kalender entwickelt, der ein einmaliges individuelles Geschenk darstellt und im besten Fall nicht nur dem Beschenkten Freude macht.<\/p>\n\n\n\n<div class=\"wp-block-columns is-layout-flex wp-container-core-columns-is-layout-9d6595d7 wp-block-columns-is-layout-flex\">\n<div class=\"wp-block-column is-layout-flow wp-block-column-is-layout-flow\" style=\"flex-basis:33.33%\">\n<p>\u25ba <a href=\"https:\/\/www.instagram.com\/hallostudionest\/\" data-type=\"URL\" data-id=\"https:\/\/www.instagram.com\/hallostudionest\/\" target=\"_blank\" rel=\"noreferrer noopener\">Hallostudionest auf Instagram<\/a><\/p>\n\n\n\n<p>\u25ba <a href=\"https:\/\/www.instagram.com\/druck_betonstueck\/\" data-type=\"URL\" data-id=\"https:\/\/www.instagram.com\/druck_betonstueck\/\" target=\"_blank\" rel=\"noreferrer noopener\">Piieps auf Instagram<\/a><\/p>\n<\/div>\n\n\n\n<div class=\"wp-block-column is-layout-flow wp-block-column-is-layout-flow\" style=\"flex-basis:66.66%\">\n<figure class=\"wp-block-image size-large\"><img loading=\"lazy\" decoding=\"async\" width=\"644\" height=\"1024\" src=\"https:\/\/offenbar-offenbach.de\/wp-content\/uploads\/2024\/05\/Kathrin-work-644x1024.jpg\" alt=\"\" class=\"wp-image-1601\" srcset=\"https:\/\/offenbar-offenbach.de\/wp-content\/uploads\/2024\/05\/Kathrin-work-644x1024.jpg 644w, https:\/\/offenbar-offenbach.de\/wp-content\/uploads\/2024\/05\/Kathrin-work-189x300.jpg 189w, https:\/\/offenbar-offenbach.de\/wp-content\/uploads\/2024\/05\/Kathrin-work-239x380.jpg 239w, https:\/\/offenbar-offenbach.de\/wp-content\/uploads\/2024\/05\/Kathrin-work.jpg 647w\" sizes=\"auto, (max-width: 644px) 100vw, 644px\" \/><\/figure>\n<\/div>\n<\/div>\n","protected":false},"excerpt":{"rendered":"<p>Gestaltung &amp; Design<\/p>\n","protected":false},"author":3,"featured_media":1619,"parent":9,"menu_order":5,"comment_status":"closed","ping_status":"closed","template":"","meta":{"footnotes":""},"class_list":["post-1588","page","type-page","status-publish","has-post-thumbnail","hentry","with-featured-image"],"jetpack_sharing_enabled":true,"_links":{"self":[{"href":"https:\/\/offenbar-offenbach.de\/index.php?rest_route=\/wp\/v2\/pages\/1588","targetHints":{"allow":["GET"]}}],"collection":[{"href":"https:\/\/offenbar-offenbach.de\/index.php?rest_route=\/wp\/v2\/pages"}],"about":[{"href":"https:\/\/offenbar-offenbach.de\/index.php?rest_route=\/wp\/v2\/types\/page"}],"author":[{"embeddable":true,"href":"https:\/\/offenbar-offenbach.de\/index.php?rest_route=\/wp\/v2\/users\/3"}],"replies":[{"embeddable":true,"href":"https:\/\/offenbar-offenbach.de\/index.php?rest_route=%2Fwp%2Fv2%2Fcomments&post=1588"}],"version-history":[{"count":15,"href":"https:\/\/offenbar-offenbach.de\/index.php?rest_route=\/wp\/v2\/pages\/1588\/revisions"}],"predecessor-version":[{"id":1631,"href":"https:\/\/offenbar-offenbach.de\/index.php?rest_route=\/wp\/v2\/pages\/1588\/revisions\/1631"}],"up":[{"embeddable":true,"href":"https:\/\/offenbar-offenbach.de\/index.php?rest_route=\/wp\/v2\/pages\/9"}],"wp:featuredmedia":[{"embeddable":true,"href":"https:\/\/offenbar-offenbach.de\/index.php?rest_route=\/wp\/v2\/media\/1619"}],"wp:attachment":[{"href":"https:\/\/offenbar-offenbach.de\/index.php?rest_route=%2Fwp%2Fv2%2Fmedia&parent=1588"}],"curies":[{"name":"wp","href":"https:\/\/api.w.org\/{rel}","templated":true}]}}